677*x + 3165. What is d(-5)?
-220
Let y(t) = -1906*t - 174. What is y(-1)?
1732
Let i(b) = 63173*b - 1516149. Give i(24).
3
Let s(p) = -16*p - 793. Give s(-37).
-201
Let h(s) = 2031*s + 767680. Give h(-378).
-38
Let t(p) = -p**3 + 11*p**2 + 16*p + 972. Give t(13).
842
Let i(y) = 4101*y - 90261. Give i(22).
-39
Let o(y) = 1904*y**2 + 104708*y - 657. Give o(-55).
3
Let x(z) = 3*z**3 - 57*z**2 + 59*z - 112. Determine x(17).
-843
Let r(t) = -432*t + 63375. Determine r(147).
-129
Let i(m) = -276180*m + 3314161. What is i(12)?
1
Let q(m) = 5*m**3 + 92*m**2 + 239*m + 3565. Determine q(-18).
-89
Let z(f) = -11*f**3 + 2664*f**2 - 491*f - 85. Calculate z(242).
-1779
Let d(w) = 1520*w - 136067. Determine d(90).
733
Let x(f) = -f**3 - 229*f**2 + 13246*f - 13864. Give x(-277).
-14
Let l(o) = 21*o**2 - 117*o - 841. Calculate l(-4).
-37
Let w(g) = 17991*g + 2032945. Calculate w(-113).
-38
Let y(m) = -10*m**3 + 71*m**2 + 2*m - 91. What is y(7)?
-28
Let n(g) = g**2 - 181*g + 8935. What is n(67)?
1297
Let z(g) = 29*g**2 + 1211*g - 621. Give z(-42).
-327
Let t(n) = -514*n**2 - 13*n - 13. What is t(3)?
-4678
Let o(s) = 16966*s + 729723. What is o(-43)?
185
Let l(a) = 105517*a + 2110355. Determine l(-20).
15
Let n(a) = -322*a**2 + 333265*a + 5168. Calculate n(1035).
-7
Let l(r) = 3*r**2 - 1442*r - 484728. Give l(-228).
0
Let o(m) = 687*m - 2327. Determine o(5).
1108
Let p(s) = s**2 - 80*s - 1470. What is p(84)?
-1134
Let w(n) = -2432*n - 2065. Calculate w(-1).
367
Let r(l) = -798582*l + 3992908. Calculate r(5).
-2
Let n(s) = 2*s**3 - 53*s**2 - 115*s + 548. What is n(27)?
-1828
Let u(c) = -811*c**2 - 2*c - 874. Determine u(0).
-874
Let v(h) = h**2 - 306181*h + 612352. Determine v(2).
-6
Let f(q) = -1271*q - 25730. Calculate f(-22).
2232
Let n(x) = -x**3 + 59*x**2 - 9*x - 2580. Determine n(58).
262
Let v(f) = -f**3 - 109*f**2 - 1411*f. What is v(-15)?
15
Let i(r) = -5*r**2 + 87*r - 347. What is i(7)?
17
Let q(v) = 5457*v - 370967. Give q(68).
109
Let f(d) = -d**2 - 473*d + 27899. What is f(53)?
21
Let n(l) = l**3 + 60*l**2 - 151702*l - 9102113. Determine n(-60).
7
Let l(d) = -d**3 + 18*d**2 + 216*d - 102. Calculate l(17).
3859
Let q(d) = d**3 - 9*d**2 - 6308*d + 75625. Determine q(12).
361
Let l(r) = 9*r**2 + 2737*r - 16484. Give l(6).
262
Let i(l) = 3*l**2 + 584*l - 7447. What is i(12)?
-7
Let w(t) = -t**3 + 47*t**2 + 480*t + 1359. Give w(56).
15
Let b(i) = 3169*i + 110929. What is b(-35)?
14
Let q(o) = -o**3 - 1650*o**2 + 52110*o + 107. Calculate q(31).
76
Let p(a) = -3*a**2 + 760*a + 7164. Determine p(-9).
81
Let j(b) = 2587*b + 12871. Calculate j(-5).
-64
Let c(w) = 52*w**2 + 887*w - 1917. Give c(-19).
2
Let q(b) = b**2 + 61571*b + 923327. Determine q(-15).
-13
Let j(n) = -16*n**3 - 2779*n**2 + 2781*n - 1. Calculate j(1).
-15
Let r(q) = q**3 - 27*q**2 + 6*q + 591. Calculate r(27).
753
Let m(q) = -86*q - 13336. Calculate m(-159).
338
Let a(o) = -255*o**2 - 3549*o - 3037. What is a(-13)?
5
Let j(l) = -l**3 + 11*l**2 + 167*l - 36. Calculate j(21).
-939
Let b(s) = s**3 + 238*s**2 - 8940*s + 793. Calculate b(-271).
-20
Let a(u) = 4752*u + 18994. Give a(-4).
-14
Let o(n) = -13*n**2 - 1971*n - 385. Give o(-151).
823
Let f(w) = 10*w**2 - 923*w - 936. Determine f(94).
662
Let h(l) = -5*l**3 - 108*l**2 + 50*l + 4212. Determine h(-20).
12
Let s(q) = -59*q - 7249. Give s(-118).
-287
Let a(b) = 72*b**2 + 291*b - 2700. What is a(8)?
4236
Let a(w) = 8*w**3 + 11*w**2 + 55*w + 152. Determine a(-6).
-1510
Let k(c) = 10*c**2 + 943*c - 782. What is k(-95)?
-117
Let d(m) = -1994*m**2 - 19942*m - 31. What is d(-10)?
-11
Let j(f) = -f**2 - 2060*f + 39482. Give j(19).
-19
Let w(b) = b**3 - 176*b**2 + 622*b + 11340. What is w(172)?
-12
Let z(h) = -4*h**2 + 4305*h - 8618. Determine z(2).
-24
Let j(q) = -4*q**3 - 261*q**2 - 1455*q + 37. Determine j(-6).
235
Let y(p) = -p**2 - 1799*p - 66928. Give y(-38).
-10
Let o(v) = -7*v**3 - 142*v**2 - 10892*v - 217027. What is o(-20)?
13
Let v(x) = 14*x**3 + 16*x**2 - 47*x + 23. Give v(5).
1938
Let a(i) = i**3 + 4*i**2 - 537*i + 107. Calculate a(-25).
407
Let x(q) = 2*q**3 + 18*q**2 - 3907*q - 511. Determine x(40).
9
Let f(a) = -a**2 - 275*a + 3001. What is f(-286)?
-145
Let o(y) = y**3 + 33*y**2 - 415*y - 21. Give o(10).
129
Let y(b) = -13*b**3 + 2062*b**2 + 788*b + 1096. Calculate y(159).
-17
Let a(v) = -709*v + 140611. Calculate a(198).
229
Let l(a) = -579491*a - 2897474. What is l(-5)?
-19
Let r(y) = 121*y - 15466. Calculate r(128).
22
Let f(u) = -70*u + 4390. Give f(26).
2570
Let w(d) = -7*d**3 - 897*d**2 - 135*d - 579. What is w(-128)?
317
Let u(f) = 6005*f - 72337. Determine u(12).
-277
Let j(o) = 126*o - 131. Give j(12).
1381
Let l(x) = -23*x**2 - 2160*x + 31908. What is l(13)?
-59
Let x(g) = 13474*g - 80878. Give x(6).
-34
Let z(p) = 57*p + 4647. Calculate z(-93).
-654
Let p(t) = t**2 + 3952*t + 86674. Calculate p(-22).
214
Let t(a) = 2*a**2 + 2862*a + 86877. Give t(-31).
77
Let n(w) = -11*w**2 - 4163*w + 67355. Determine n(-394).
-19
Let k(n) = -n**3 + 2*n**2 + 1620*n - 23. Calculate k(41).
838
Let d(r) = -r**3 + 237*r**2 - 5595*r + 62534. What is d(212)?
-6
Let i(m) = -m**3 + 54*m**2 - 737*m + 1891. Determine i(16).
-173
Let o(l) = 4*l**3 - 40*l**2 + 91*l - 515. Calculate o(9).
-20
Let r(c) = 162*c - 20567. What is r(141)?
2275
Let q(w) = 3*w**2 - 1412*w - 52034. Calculate q(505).
-19
Let k(d) = -464*d - 61966. Calculate k(-132).
-718
Let r(j) = -82*j - 75240. What is r(-917)?
-46
Let x(u) = -3*u**2 + 295*u + 106. Give x(100).
-394
Let x(v) = v**3 + 36*v**2 - 167*v + 43. What is x(-40)?
323
Let h(r) = -5*r**3 + 977*r**2 - 1388*r + 5928. What is h(194)?
108
Let h(w) = w**2 + 4671*w - 1559988. Calculate h(313).
4
Let j(d) = 174072*d + 522201. Give j(-3).
-15
Let f(w) = -9*w**2 - 511*w + 804. What is f(-58)?
166
Let c(o) = -95*o - 21182. Give c(-222).
-92
Let c(n) = 627614*n - 4393296. Determine c(7).
2
Let i(f) = -f**3 - 109*f**2 - 802*f + 131. Determine i(-101).
-475
Let t(n) = 8*n**2 + 1377*n + 288. Determine t(-171).
-1251
Let d(s) = -s**2 - 130*s + 14949. What is d(74)?
-147
Let d(h) = -9095*h + 954983. Determine d(105).
8
Let b(h) = 1557*h - 26496. Give b(17).
-27
Let a(c) = -930*c + 34074. What is a(37)?
-336
Let n(j) = 3*j**3 - 358*j**2 - 1731*j - 642. Give n(124).
-22
Let b(f) = f**3 + 272*f**2 + 526*f - 1384. Determine b(-270).
2396
Let s(h) = 31*h**3 + 3*h**2 - 75*h + 130. Calculate s(2).
240
Let u(r) = -2*r**2 - 19*r + 713378. Give u(-602).
8
Let l(m) = 128*m**2 + 256*m + 1037. Calculate l(-4).
2061
Let v(d) = 957*d + 4684. What is v(-4)?
856
Let m(l) = 126*l - 27224. Determine m(216).
-8
Let j(u) = 3076*u + 28997. Calculate j(-9).
1313
Let w(n) = 5312*n**2 - 15924*n - 45. What is w(3)?
-9
Let u(a) = -2*a**3 + 93*a**2 - 864*a - 78. Determine u(31).
2929
Let d(t) = -2862*t - 1016012. Calculate d(-355).
-2
Let u(f) = f**3 - 2707*f**2 + 69703*f + 69. Give u(26).
-9
Let j(h) = 2*h**3 - 41*h**2 + 177*h - 91. Calculate j(14).
-161
Let w(h) = -337*h**2 - 17511*h + 763. Determine w(-52).
87
Let o(k) = -5256*k - 583413. What is o(-111)?
3
Let v(u) = 168*u + 10500. Give v(-63).
-84
Let x(g) = -596*g**2 - 681*g - 51. What is x(-1)?
34
Let w(o) = 1052*o + 16807. Give w(-16).
-25
Let s(c) = -442*c + 7046. Give s(16).
-26
Let p(w) = w**3 + 242*w**2 - 2778*w + 1626. What is p(-253)?
361
Let s(i) = -14*i - 263. Determine s(41).
-837
Let t(w) = -w**3 - 34*w**2 - 3838*w + 33402. What is t(8)?
10
Let t(j) = -208*j + 35665. What is t(172)?
-111
Let n(a) = -2*a**3 + 36*a**2 + 221*a + 32. Calculate n(-7).
935
Let n(m) = -3*m**2 - 274*m - 554. What is n(-93)?
-1019
Let h(a) = a**3 - 20*a**2 - 682*a - 742. Give h(-17).
159
Let s(i) = 7*i**2 + 449*i + 7191. Determine s(-33).
-3
Let l(v) = -2299*v - 62171. Determine l(-27).
-98
Let r(n) = -38709*n + 193532. Calculate r(5).
-13
Let g(j) = -3*j**3 - 37*j**2 + 2071*j + 25018. Calculate g(-12).
22
Let i(a) = -2*a**3 + 115*a**2 + 175*a + 63. Give i(59).
-55
Let i(q) = -11*q**3 - 1488*q**2 + 9312*q + 32. Determine i(6).
-40
Let o(p) = -9*p**2 + 271*p + 865. Give o(33).
7
Let a(j) = -452*j + 6597. What is a(16)?
-635
Let b(g) = -28791*g + 345497. Give b(12).
5
Let o(q) = q**3 - 6*q**2 - 1552*q + 22249. Determine o(16).
-23
Let d(f) = -f**3 - f**2 + 162*f + 503. Determine d(-3).
35
Let p(x) = 13*x**3 - 38*x**